ppose 0 = -2*i + 5*a - 6*a + 59, 0 = 4*a + 20. Calculate the greatest common factor of i and c.
32
Let r be ((-54)/4)/(1310/(-80) - -16). Let n = -33 + 85. Let s = n - r. What is the greatest common divisor of 16 and s?
16
Let p(b) = 63*b + 83. Let o be p(3). What is the highest common divisor of 32 and o?
16
Suppose 35*x = -55*x + 1620. Let n(w) = w**2 - 4*w + 1. Let k be n(5). Let t be (-7)/(-3) + (-2)/k. What is the greatest common divisor of x and t?
2
Suppose -213 = -106*t + 635. What is the highest common factor of t and 268?
4
Let d = 1424 - 1386. What is the highest common divisor of 779 and d?
19
Suppose 0 = 4*b + c - 5722, 6285 = 5*b - 2*c - 861. What is the greatest common divisor of b and 26?
26
Suppose 44 = b + n - 681, 3*b - 2*n = 2150. Calculate the highest common factor of 20 and b.
20
Let z be (122 + 3)*(-12)/(-4). What is the highest common divisor of 75 and z?
75
Suppose w - 777 = -2*w + 3*l, -5*w - l = -1301. Calculate the greatest common divisor of w and 20.
20
Let o be (-3272)/(-18) - 2/(-9). Let n be (2/13 - 224/273)*-24. Let z = n - -10. What is the highest common factor of o and z?
26
Suppose -3*y - n + 21 + 38 = 0, 2*y - 3*n - 21 = 0. Let f(i) = -4*i + 2. Let p be f(-4). What is the highest common divisor of y and p?
18
Let g be ((-2)/3)/(1/72). Let m be (g/(-28))/((-2)/(-7)). Suppose -4*l - 72 = -m*l. What is the highest common divisor of l and 36?
36
Let c be ((-210)/25)/(6/(-120)). Calculate the highest common divisor of 252 and c.
84
Suppose -5*p + 50 = w - 33, 0 = 4*p - 2*w - 58. Calculate the highest common factor of p and 104.
8
Let c = 41 - 41. Let q be c/1 - (-35 - -3). What is the greatest common factor of 8 and q?
8
Suppose -46*g + 43*g = -354. Suppose a = 6*a - j - 10, -5*a - 4*j = -35. Suppose -3*b = -4*b - a, 5*f + 4*b = g. What is the greatest common factor of f and 78?
26
Suppose 0 = h - 0*h + 2. Let q be 1/h*0/(-12). Suppose q*j + 74 = 2*j + n, 4*n + 159 = 5*j. What is the highest common divisor of 14 and j?
7
Suppose 3*x = -6 - 3, -4*u + 2*x = -6. Suppose -2*g + 88 = -y, 3*g + 2*y - 118 = -u*y. Calculate the highest common divisor of g and 21.
21
Let f = -343 - -451. What is the greatest common divisor of 144 and f?
36
Let m be ((-6)/9)/((-2)/3). Let i be ((-9)/12)/(m/8). Let h be (15/i)/((-2)/12). Calculate the greatest common factor of h and 15.
15
Suppose 9 = 2*w + 3*q, -4*w - w + 2*q + 32 = 0. Let n(r) = r - 1. Let j be n(0). Let v be 0/(j + 4) - -42. What is the greatest common divisor of v and w?
6
Let r be ((-7)/21)/((-3)/1278). Suppose -5*f + r - 27 = 0. Calculate the greatest common factor of f and 207.
23
Let g be (-6)/24 + (-2885)/(-20). Calculate the greatest common divisor of g and 12.
12
Let k be (504/315)/((4/(-10))/(-2)). Let y = 61 + -29. What is the highest common factor of k and y?
8
Let z(d) = -2*d**2 - 15*d + 16. Let r be z(-7). What is the highest common divisor of r and 207?
23
Let s = 8 + -5. Suppose 0 = -3*g + w + 2, s*g - 2*w = 2*w - 10. What is the highest common divisor of 2 and g?
2
Let c(n) = -3*n**2 - 62*n + 24. Let o be c(-19). What is the highest common factor of o and 17?
17
Let r = 77 - 2. Calculate the highest common divisor of 25 and r.
25
Suppose -4*f + 187 = 5*z + 46, -24 = -f - 5*z. Suppose 90 = -38*u + f*u. Calculate the highest common divisor of u and 10.
10
Let v(x) = -2*x**2 - 291*x - 1403. Let t be v(-5). Let m(c) = -17*c**3 - c. Let u be m(-1). What is the highest common factor of u and t?
2
Let n = -33 + 39. Let m(u) be the first derivative of -u**2/2 + 10*u + 5. Let l be m(n). What is the highest common divisor of l and 44?
4
Let l be 204/7 - (-132)/154. What is the highest common factor of l and 930?
30
Let t = 2949 + -2928. Suppose 5*x - 420 = x. Calculate the greatest common divisor of x and t.
21
Let d = 690 + -664. Calculate the highest common factor of d and 16.
2
Let v(m) = 3*m + 16. Let i be v(-1). What is the greatest common divisor of 13 and i?
13
Suppose 2 = 2*h - 28. Calculate the highest common divisor of h and 120.
15
Let b be (30 - -5)/(0 - 1 - -2). Suppose -b = 44*v - 49*v. Suppose -3*u = 2*s - 149, -3*u - 5*s + 201 = u. What is the highest common divisor of u and v?
7
Let h(c) = -c**2 - 7*c + 2. Let j be h(-7). Suppose -2*v + 146 = -5*q, -110 = -j*v - q - 3*q. What is the highest common factor of v and 9?
9
Let k = -1472 - -2479. Calculate the highest common factor of 19 and k.
19
Suppose -18 = -4*o - 2*o. Let y = o + -2. Let d be (y - 21/15)*-10. Calculate the greatest common factor of d and 16.
4
Let b = -212 + 239. What is the highest common divisor of b and 243?
27
Let n = 24 + 156. Calculate the highest common factor of 12 and n.
12
Let d(h) = 5*h**2 - h - 1. Let a be d(-1). Suppose 0 = -3*p + 9, 0 = 7*g - 3*g - p - 137. What is the greatest common divisor of a and g?
5
Let d be 16*2*312/(-16). Let m = -421 - d. What is the greatest common divisor of 29 and m?
29
Let l = -234 - -258. What is the greatest common divisor of 18 and l?
6
Suppose -38 = -0*v + 2*v. Let h(p) = p - p**3 + 17*p - 31*p**2 + 13*p**2. Let b be h(v). Calculate the greatest common factor of b and 133.
19
Let i be 1252/7 + 612/(-714). Calculate the highest common factor of 1157 and i.
89
Let z(o) be the third derivative of o**6/120 - 13*o**5/60 + o**4/2 - 7*o**3/2 + 4*o**2. Let m be z(13). Calculate the highest common divisor of m and 15.
15
Suppose -21 = -5*k + 5*u - 6, -12 = 4*u. Suppose s - 28 = -5*h, 5*s + k = -4*h + 161. Let l be 1/2 - 21/(-2). Calculate the highest common factor of l and s.
11
Suppose 1309 + 2387 = 6*r. Let l be 6/(-27) - r/(-18). Calculate the greatest common factor of 136 and l.
34
Suppose -3*h + 3*a + 54 = -h, -5*a = 10. Suppose 2 = 2*p - 10. What is the highest common divisor of h and p?
6
Let n be 54/5*(-70)/(-4). Calculate the highest common factor of 54 and n.
27
Suppose 6*o + 39 = 69. Let u = o - -25. Calculate the highest common divisor of u and 60.
30
Suppose -33*a = -31*a, 5*l = -2*a + 6075. What is the highest common divisor of 45 and l?
45
Suppose 2*b + 3*b + b = 0. Suppose 7 = 3*j - 5, 4*h - 5*j - 84 = b. Calculate the highest common divisor of h and 13.
13
Let m(k) = 50*k + 372. Let c be m(-7). What is the highest common factor of c and 1111?
11
Suppose -608 = -12*p + 796. What is the highest common factor of p and 156?
39
Let v be 1 + -1 - (-3 - 1). Let t(a) = -3*a - 17. Let w be t(-7). Suppose -3*o + w*o - 2*l = 28, l = o - 30. What is the highest common factor of v and o?
4
Let u be 32/(-56) - (-8)/14 - 7. Let m be (-12)/21 - 186/u. What is the greatest common divisor of m and 286?
26
Let i be 7 - -3*(-3)/9. Suppose 5*s - h - 65 = 0, 5*s - 26 = 2*h + 44. Let a be s/15*(-15)/(-6). Calculate the highest common divisor of a and i.
2
Suppose -66*u + 1227 = -63*u + 3*f, 1628 = 4*u - 4*f. What is the highest common factor of u and 36?
12
Let v be 301/63 - 2/(-9). Suppose 0 - 3 = -q + n, v*q = -2*n + 43. Suppose -q*a - 72 = -11*a. Calculate the greatest common factor of 72 and a.
18
Let l(b) = b**2 + 55*b - 766. Let s be l(12). What is the greatest common factor of 513 and s?
19
Let g = 425 + -292. Let p(j) = 2*j**2 - 31*j + 3. Let o be p(16). Calculate the greatest common factor of o and g.
19
Let f(l) = -22*l + 33. Let k be f(-4). What is the highest common factor of k and 33?
11
Suppose -j + 99 = -0*j. Let r(u) = -u**2 + 5*u + 2. Let z be r(4). Let f(y) = 2*y - 3. Let l be f(z). What is the highest common divisor of l and j?
9
Let y(u) = -u**2 + 15*u - 2. Let j be y(12). Suppose 0 = -5*f, 5*h = -5*f + 4*f + 1530. Suppose -h = -4*i + i. Calculate the highest common factor of i and j.
34
Let t(y) = 22*y + 2. Let u be t(1). Suppose 3*l - 27 = 2*b, -l + 73 - u = -4*b. Let p = -10 - b. Calculate the highest common factor of 14 and p.
2
Suppose 5*s = 2*s + 4812. Suppose 5*a + 380 = y + s, 0 = -2*a - y + 491. Suppose 6*v - a = v. Calculate the greatest common factor of v and 7.
7
Let c = 484 - 419. What is the greatest common divisor of 156 and c?
13
Suppose -6*k + 42 = -0*k. Suppose k*q - 10 = -3. Let g be (6*q)/(18/12). Calculate the highest common factor of 4 and g.
4
Let v(g) = -3*g + 3. Let y be v(-12). Let f = y - 27. What is the highest common factor of f and 108?
12
Let t(d) = -d**3 + 8*d - 6. Let p be t(-4). Calculate t